 - 14 = -3, 5*z = -5*v + 15. Calculate q(z).
9
Let c(i) = -i**2 - 5*i + 1. Let j be c(-6). Let a(u) = u**3 + 5*u**2 - 2*u. Let l(o) = 2*o**3 + 10*o**2 - 5*o + 1. Let n(d) = 7*a(d) - 3*l(d). Determine n(j).
-8
Let k(q) = -1 + q - 4 + 4 + 0*q. Calculate k(6).
5
Suppose -2*f - 3*z - 6 = 0, -5*f + z + 7 = 3*z. Let w(d) = -4 - d**3 - d**2 - d**2 + 6*d**2 + 2*d. What is w(f)?
11
Suppose 1 = 5*q - 14. Suppose q*h + 23 = 6*h - 2*r, 3*h + 4*r = -1. Suppose -4*b = 3*y + h, 3*b + 11 = -b + 3*y. Let o(w) = -w**3 - 3*w**2 + w. Determine o(b).
-6
Let n(v) = -5 + 3 + 21*v**2 + 3 - 13*v**2. Determine n(-1).
9
Let u be (-26)/(-10) - 2/(-5). Let r(j) = -3*j - u*j - 5*j**2 + j - 4 - j**3. Let y(w) = 4*w. Let n be y(-1). Determine r(n).
0
Let j(f) be the first derivative of -f**2 - 8*f + 11. Calculate j(-6).
4
Let m(x) be the third derivative of -x**4/12 + 2*x**3/3 + 3*x**2. Let t = 4 - 1. Calculate m(t).
-2
Let a = 40 + -34. Let x(s) = 2*s + 2. Calculate x(a).
14
Let y(h) = h**2 + 6*h - 3. Let u = 298 - 418. Let i be (-2)/(-6)*u/10. Give y(i).
-11
Let b(u) = 2*u**3 - 4*u**2 - 4*u. Let a(z) = -3*z**3 + 7*z**2 + 7*z. Let q = 5 - 0. Let r(w) = q*b(w) + 3*a(w). Calculate r(-2).
-6
Let k(l) = 12*l - 2*l**2 - 6*l**2 - 2*l + 0*l**2 + l**3 - 5. Calculate k(7).
16
Let j(a) = -a - 1. Let n be (-6 + 3)/(0 - -1). Give j(n).
2
Let g be (-1)/(2/24*-2). Suppose 0*m + g = 3*m. Suppose -8 + m = 2*b. Let t(n) = n**2 + 3*n + 3. Determine t(b).
3
Let b(u) = -3*u - 4. Let t(z) = 5*z + 9. Let w(l) = -5*b(l) - 2*t(l). Let k(i) = 2*i + 1. Let d(h) = 8*k(h) - 3*w(h). Give d(3).
5
Let i(l) = l + 2. Let g be i(-8). Let d = g - -10. Let b(w) = -2 + w**2 + 5*w - w**2 - 2*w - w**2. What is b(d)?
-6
Let a(l) = -l + 5 + 0*l**2 + l**2 - 3*l**3 + 2*l**3 + 0*l**2. Suppose -4*m = -5*m. Calculate a(m).
5
Let i(z) = z**2. Let m(a) = -a**3 - 11*a**2 - 8*a - 7. Let k(c) = 3*i(c) + m(c). Let o be 74/(-10) + (-6)/75*-5. Calculate k(o).
0
Let i(u) = 5*u**2 - u + 1. Let x be (10/15)/(2/15). Suppose 0 = -x*y + 3 + 2. What is i(y)?
5
Let w(r) be the third derivative of -r**4/24 - r**3 + 3*r**2. Give w(-5).
-1
Let j(t) = -t + 4 + 2*t + 0 - 5. Calculate j(0).
-1
Suppose -2*b - 38 = 5*u - 0*u, -b - 4 = 0. Let c = u + 4. Let r be (c/(-5))/(1/10). Let x(w) = w**2 - 3*w - 4. Calculate x(r).
0
Suppose 2*w + w + 12 = 0, -3*w = 2*f. Let h be 3/((-1)/2*-2). Suppose -6 - f = -h*x. Let k(a) = 2*a**2 - 5*a - 4. Calculate k(x).
8
Let o(p) = -p + 7*p**2 + 7*p**2 - 18*p**2. Calculate o(-1).
-3
Let s(c) = -3*c + 18*c**2 + 1 - 2 - c**3 - 18*c**2. Give s(-2).
13
Let g(d) = 155 - 155 - d. Calculate g(2).
-2
Let z(i) be the third derivative of -i**4/24 - i**3/3 + 3*i**2. What is z(-7)?
5
Let f(h) = -h**2 - 6*h + 3. Let c(p) = p**3 - 2*p**2 - 8*p - 4. Let v be c(4). Determine f(v).
11
Suppose 2*m - 2*s = 0, -3*s = -4*m - 6 + 2. Let g be m/(1 - 9/3). Let d be ((-1 + 1)/g)/2. Let c(o) = -o - 7. Determine c(d).
-7
Let q(i) = -2*i**3 - 2*i**2 + 3*i + 3. Let o be 18/4 - 5/(-10). Let g = -7 + o. Give q(g).
5
Suppose 0*a - 4*a = -5*q - 25, -2*q = 2*a - 8. Suppose 4*c - 3*k + 8 = -c, -3*c + a*k = -8. Let h be (-2)/(-2) + (c - -3). Let d(i) = i**2 - 7. Calculate d(h).
-7
Suppose -3*u + 9 = 2*p - 4*u, -2 = 4*p + 2*u. Suppose -p*d = -d - 1. Let n(h) = 14*h - 1. Let w(z) = 57*z - 4. Let b(k) = 9*n(k) - 2*w(k). Give b(d).
11
Let n = 4 + 1. Let r(y) be the third derivative of -y**4/12 + y**3/3 - 58*y**2. What is r(n)?
-8
Let h(x) = 3*x. Let d = 7 - 2. Let c be 5 + 0 + -5 + 5. Suppose -2*k - 3 = c*o, 4*o = d*k + 3 - 12. Calculate h(o).
-3
Let r(c) = -c - 1. Let z(s) = 4*s + 2. Let t(u) = -3*r(u) - z(u). What is t(-1)?
2
Let p(d) = d**3 + 5*d**2 - 5*d + 4. Let y = -11 - -9. Let f be 11/y - 10/20. Determine p(f).
-2
Let a = -52 - -45. Let v(q) = -2*q**2 - 11*q - 10. Calculate v(a).
-31
Let p be (4/6)/((-1)/(-6)). Let a(n) = 3*n**3 + 11*n**2 + 9*n - 17. Let c(o) = o**3 + 5*o**2 + 5*o - 8. Let d(x) = 2*a(x) - 5*c(x). Calculate d(p).
-6
Let w(b) = 2*b - 4. Let j be w(3). Let l(m) = -5*m + m**2 + 2*m + j*m + 7. Let a = 4 + -4. Calculate l(a).
7
Let w(z) = -z**3 + 5*z**2 + 7*z - 7. Let q = -7 - -7. Let f(k) = -k**3 - k**2 + 2*k + 6. Let t be f(q). Calculate w(t).
-1
Let h(o) = -2*o. Let r(a) = -a**2 + 9*a - 3. Let m be r(9). Give h(m).
6
Suppose -3*i + 2*r = -6*i + 10, 24 = 5*i - 4*r. Let o(q) = q - 3. Give o(i).
1
Let h(m) = -7*m**3 - m**2 + 4. Let n(f) = 7*f**3 + f**2 - 3. Let b(g) = 2*h(g) + 3*n(g). What is b(1)?
7
Let d(h) be the second derivative of -h**5/20 + h**2 - 6*h. Let g(t) = t**3 + t**2 + t + 10. Let n be g(0). Suppose 6*y - y = n. Calculate d(y).
-6
Let t(z) = -z**2 - 13*z - 6. Let q be t(-12). Let m(c) = 5*c - 9. What is m(q)?
21
Let b(s) = s + 1. Let y = 10 - 13. Give b(y).
-2
Let w(n) = -2*n - n + 4*n - 2. What is w(6)?
4
Let c(v) = 13*v + 1. Let n(m) = 26*m + 2. Let o(u) = -5*c(u) + 3*n(u). Let a be (3 - (-11)/(-2))*4/(-10). Calculate o(a).
14
Let r(o) be the third derivative of -o**6/120 + o**5/15 + o**4/4 + 5*o**3/6 + 23*o**2. What is r(5)?
10
Suppose 3*s + 0*s - 24 = -3*n, 3*s = -5*n + 30. Let m(k) = -2*k**2 + 4*k - 4. Give m(n).
-10
Let m(r) = -2*r**3 + r**2. Let q(j) = -2*j**2 + 21*j - 25. Let v be q(9). What is m(v)?
-12
Let n(y) = -1 - 7*y + 0*y - y - y. Calculate n(-1).
8
Let y(b) = 3*b - 2. Let u(q) = q - 1. Let p(t) = -5*u(t) + 2*y(t). Let c(s) = -s**2 - 1. Let o(g) = -2*c(g) - p(g). Determine o(-2).
11
Let x(i) be the first derivative of i**2 + 4*i + 36. Give x(-6).
-8
Let y(z) = 5*z**2 - 12*z + 4. Let f(b) = 4*b**2 - 11*b + 4. Let m(g) = -7*f(g) + 6*y(g). Let o(w) = w**2 + 5*w + 2. Let q be o(-3). What is m(q)?
8
Let l be ((-16)/(-12))/(2/(-6)). Let b(w) = -w**3 - 3*w**2 + 2*w - 3. Let x be b(l). Let c(t) = t**2 - 6*t + 7. What is c(x)?
2
Let l(s) = -s**2 - 6*s + 2. Suppose -9 = -6*r - 39. Calculate l(r).
7
Let n(t) = t - 7. Let h = -16 - -24. Let b be n(h). Let c(w) = -w**3 + w**2. Let u(v) = 7*v**3 - 3*v**2 - v + 1. Let d(g) = b*u(g) + 5*c(g). What is d(-2)?
-5
Let s(g) = -6*g**2 - g + 1. Let c(m) = m + 5. Suppose -4*z + 2*a - 31 = 5*a, -4*z + 5*a = -9. Let n be c(z). Give s(n).
-6
Let b be 12/9*(-6)/(-4). Suppose 4*m - b = i + 7, -2 = 4*i + m. Let l(c) = -c**2 + 7. Let p(o) = -3*o**2 + 13. Let s(z) = 11*l(z) - 6*p(z). Determine s(i).
6
Let h be 9/3 + 4 + 0 + 0. Let t(v) = -v + 4. Give t(h).
-3
Let t be (6/10)/(2/10). Suppose 0 = c - 4*n - 20, 5*n = t*c - 4*c - 16. Let o = -6 + c. Let q(f) = f**3 + 3*f**2 - 2. What is q(o)?
2
Let f(g) = g**2 + 4*g. Suppose -4*o + 10 = 30. Give f(o).
5
Let y(c) = -c**2 + 4*c - 4. Let n be (-2 + 3)*(4 - 3). Suppose 0 = -2*v + n + 7. Let j be y(v). Let t(b) = -b. Give t(j).
4
Let a be 0 - 2*3/3. Let f(q) = 2*q**2 - 2. Determine f(a).
6
Suppose 5*p - 12 + 2 = 0. Suppose s - 4*k = -4, 4*s = p*k - 0 - 16. Let m(g) = g**2 + 3*g. Determine m(s).
4
Let x(u) = 8*u - 1 - 5*u + 0*u + u**2 - 2*u. What is x(1)?
1
Let x(g) = -3*g - 9. Let p(s) = -5*s - 18. Let w(u) = -4*p(u) + 7*x(u). Determine w(0).
9
Let c(r) = 9*r + 3. Let l(d) = d + 1. Let q(o) = -c(o) + 2*l(o). What is q(-1)?
6
Suppose -2*f - f = 0. Let v(c) = f*c**3 + 2*c + 3*c**2 + 1 - 3*c**3 + 2*c**3. Let d(r) = -r**3 + 9*r**2 + 12*r - 16. Let k be d(10). Calculate v(k).
-7
Let h(r) = 2*r**3 - 4*r**2 - r**3 + 3*r - 6 - r. Suppose 2*w - 4*l = 24, -2*w - 2*l + 9 - 3 = 0. Let c = -2 + w. What is h(c)?
2
Let r(f) = f**3 - 2*f**2 + 4*f - 3. Let s be r(2). Let a(g) be the third derivative of -g**6/120 + g**5/10 - 7*g**4/24 - g**3/3 - 4*g**2. Calculate a(s).
-12
Let y be ((-4)/22 + 340/(-550))*10. Let z(p) = -p**2 - 9*p - 4. Calculate z(y).
4
Let j(b) = -b**2 - 6*b + 4. Let n(y) = 3*y - 4*y - y + 3*y - 6. Let v be n(0). Give j(v).
4
Let j(c) be the third derivative of -c**4/24 - 5*c**3/6 + 3*c**2. Calculate j(-4).
-1
Let w(s) = -s**2 + s + 1. Let u(x) = -x**3 - 8*x**2 + 2*x + 7. Let c(a) = u(a) - 5*w(a). Calculate c(-3).
11
Let i(o) = o + 1. Let k be i(5). Let z(b) = b - 6 - 2 + 4 + b**3 + 8 - 6*b**2. Determine z(k).
10
Let z(l) be the second derivative of l**5/20 - l**4/12 - l**3/6 + 4*l**2 + 4*l. Give z(0).
8
Let c(n) be the third derivative of n**6/360 + n**5/20 + n**4/8 - n**3/6 + 6*n**2. Let v(q) be the first derivative of c(q). Determine v(-6).
3
Let k(u) = 4*u**3 - 5*u**2 - 6*u + 1. Let i(x) = 5*x**3 - 4*x**2 - 5*x + 1. Let g(y) = -5*i(y